he remainder when 11498 is divided by 20?
18
What is the remainder when 840 is divided by 393?
54
What is the remainder when 139937 is divided by 46644?
5
What is the remainder when 67304 is divided by 127?
121
What is the remainder when 42822 is divided by 107?
22
What is the remainder when 45533 is divided by 232?
61
Calculate the remainder when 132 is divided by 25.
7
Calculate the remainder when 97184 is divided by 227.
28
What is the remainder when 25199 is divided by 25?
24
Calculate the remainder when 18305 is divided by 8147.
2011
Calculate the remainder when 3157 is divided by 73.
18
What is the remainder when 8404 is divided by 204?
40
What is the remainder when 350 is divided by 340?
10
What is the remainder when 1678 is divided by 432?
382
What is the remainder when 46441 is divided by 645?
1
What is the remainder when 21628 is divided by 3050?
278
Calculate the remainder when 6103 is divided by 1501.
99
Calculate the remainder when 150264 is divided by 205.
204
What is the remainder when 3365 is divided by 102?
101
What is the remainder when 6503 is divided by 1624?
7
Calculate the remainder when 858566 is divided by 286183.
17
What is the remainder when 10252 is divided by 25?
2
Calculate the remainder when 11967 is divided by 57.
54
Calculate the remainder when 20986 is divided by 6970.
76
Calculate the remainder when 14049 is divided by 43.
31
Calculate the remainder when 2701091 is divided by 48.
35
Calculate the remainder when 31743 is divided by 521.
483
What is the remainder when 3696460 is divided by 98?
96
Calculate the remainder when 12706 is divided by 12143.
563
Calculate the remainder when 34234 is divided by 103.
38
Calculate the remainder when 3958 is divided by 123.
22
What is the remainder when 50109 is divided by 36?
33
What is the remainder when 53771 is divided by 517?
3
Calculate the remainder when 62243 is divided by 21.
20
Calculate the remainder when 2225 is divided by 198.
47
Calculate the remainder when 76837 is divided by 1787.
1783
What is the remainder when 201102 is divided by 100550?
2
Calculate the remainder when 188408 is divided by 89.
84
What is the remainder when 2704 is divided by 98?
58
What is the remainder when 6635 is divided by 25?
10
Calculate the remainder when 4557555 is divided by 1374.
1371
Calculate the remainder when 9987 is divided by 552.
51
What is the remainder when 4679 is divided by 715?
389
Calculate the remainder when 16426 is divided by 484.
454
What is the remainder when 50503 is divided by 162?
121
What is the remainder when 342 is divided by 119?
104
Calculate the remainder when 10496 is divided by 151.
77
What is the remainder when 35450 is divided by 8858?
18
Calculate the remainder when 667690 is divided by 71.
6
Calculate the remainder when 393312 is divided by 323.
221
Calculate the remainder when 716385 is divided by 5872.
1
What is the remainder when 1182 is divided by 124?
66
What is the remainder when 17992 is divided by 201?
103
What is the remainder when 32493 is divided by 8?
5
What is the remainder when 8290 is divided by 739?
161
What is the remainder when 734497 is divided by 244831?
4
What is the remainder when 195960 is divided by 1146?
1140
What is the remainder when 14949 is divided by 2987?
14
Calculate the remainder when 50255 is divided by 10047.
20
Calculate the remainder when 78990 is divided by 201.
198
What is the remainder when 5992 is divided by 354?
328
Calculate the remainder when 55195 is divided by 115.
110
What is the remainder when 37046 is divided by 82?
64
Calculate the remainder when 33266 is divided by 260.
246
Calculate the remainder when 1462 is divided by 227.
100
What is the remainder when 9114 is divided by 1806?
84
What is the remainder when 6989 is divided by 1442?
1221
Calculate the remainder when 2882 is divided by 70.
12
Calculate the remainder when 24259 is divided by 9.
4
What is the remainder when 1852 is divided by 81?
70
Calculate the remainder when 15119 is divided by 135.
134
Calculate the remainder when 700816 is divided by 611.
610
What is the remainder when 4558 is divided by 1024?
462
Calculate the remainder when 6662 is divided by 1663.
10
What is the remainder when 58127 is divided by 16?
15
Calculate the remainder when 331567 is divided by 17.
16
Calculate the remainder when 4513 is divided by 70.
33
What is the remainder when 418 is divided by 362?
56
Calculate the remainder when 84056 is divided by 592.
584
What is the remainder when 18774 is divided by 481?
15
What is the remainder when 1195 is divided by 306?
277
What is the remainder when 433 is divided by 10?
3
Calculate the remainder when 2572 is divided by 360.
52
What is the remainder when 116290 is divided by 103?
3
What is the remainder when 35940 is divided by 8?
4
Calculate the remainder when 108897 is divided by 64.
33
Calculate the remainder when 24475 is divided by 12103.
269
What is the remainder when 7568 is divided by 294?
218
Calculate the remainder when 191474 is divided by 43.
38
Calculate the remainder when 55834 is divided by 132.
130
What is the remainder when 54867 is divided by 27424?
19
What is the remainder when 543 is divided by 194?
155
What is the remainder when 46289 is divided by 46?
13
What is the remainder when 37319 is divided by 1009?
995
Calculate the remainder when 8856 is divided by 1768.
16
Calculate the remainder when 36430 is divided by 4.
2
Calculate the remainder when 3920597 is divided by 50.
47
What is the remainder when 68193 is divided by 179?
173
Calculate the remainder when 102443 is divided by 2226.
47
What is the remainder when 679204 is divided by 272?
20
Calculate the remainder when 72350 is divided by 89.
82
Calculate the remainder when 116839 is divided by 87.
85
Calculate the remainder when 703 is divided by 57.
19
What is the remainder when 27267 is divided by 3029?
6
What is the remainder when 854126 is divided by 710?
706
Calculate the remainder when 185238 is divided by 19.
7
Calculate the remainder when 35398 is divided by 513.
1
What is the remainder when 153565 is divided by 2694?
7
What is the remainder when 3796420 is divided by 21?
19
What is the remainder when 113630 is divided by 6?
2
What is the remainder when 1437539 is divided by 39?
38
What is the remainder when 10750 is divided by 68?
6
Calculate the remainder when 40483 is divided by 4048.
3
Calculate the remainder when 3043 is divided by 489.
109
Calculate the remainder when 2563 is divided by 222.
121
Calculate the remainder when 594172 is divided by 903.
901
Calculate the remainder when 21759 is divided by 588.
3
Calculate the remainder when 5284 is divided by 88.
4
What is the remainder when 119368 is divided by 1895?
1878
Calculate the remainder when 653 is divided by 523.
130
Calculate the remainder when 11822 is divided by 68.
58
Calculate the remainder when 5898 is divided by 2737.
424
Calculate the remainder when 85 is divided by 75.
10
Calculate the remainder when 57608 is divided by 19202.
2
What is the remainder when 2568 is divided by 372?
336
What is the remainder when 169898 is divided by 10?
8
What is the remainder when 4859 is divided by 964?
39
Calculate the remainder when 119077 is divided by 6.
1
Calculate the remainder when 34679 is divided by 510.
509
Calculate the remainder when 90054 is divided by 26.
16
What is the remainder when 43405 is divided by 36?
25
What is the remainder when 35873 is divided by 3254?
79
What is the remainder when 428 is divided by 34?
20
Calculate the remainder when 13169 is divided by 99.
2
Calculate the remainder when 82458 is divided by 20614.
2
Calculate the remainder when 26953 is divided by 485.
278
Calculate the remainder when 15072 is divided by 26.
18
Calculate the remainder when 758716 is divided by 691.
689
Calculate the remainder when 218159 is divided by 432.
431
What is the remainder when 55139 is divided by 18376?
11
What is the remainder when 413 is divided by 297?
116
What is the remainder when 70583 is divided by 69?
65
Calculate the remainder when 8325 is divided by 31.
17
Calculate the remainder when 1538 is divided by 71.
47
Calculate the remainder when 84292 is divided by 1124.
1116
What is the remainder when 444 is divided by 411?
33
Calculate the remainder 